 the tens digit of 28525?
2
What is the tens digit of 21045?
4
What is the hundreds digit of 1215?
2
What is the tens digit of 197164?
6
What is the tens digit of 4566?
6
What is the units digit of 64521?
1
What is the ten thousands digit of 11538?
1
What is the hundred thousands digit of 101953?
1
What is the thousands digit of 1195?
1
What is the units digit of 4?
4
What is the units digit of 114331?
1
What is the units digit of 98699?
9
What is the hundreds digit of 343?
3
What is the hundreds digit of 152125?
1
What is the thousands digit of 7441?
7
What is the ten thousands digit of 94568?
9
What is the hundreds digit of 867?
8
What is the thousands digit of 51168?
1
What is the thousands digit of 23131?
3
What is the units digit of 1990?
0
What is the tens digit of 9515?
1
What is the hundreds digit of 1910?
9
What is the thousands digit of 43142?
3
What is the units digit of 34?
4
What is the tens digit of 2107?
0
What is the tens digit of 5617?
1
What is the hundreds digit of 4077?
0
What is the thousands digit of 3581?
3
What is the units digit of 132604?
4
What is the tens digit of 5064?
6
What is the units digit of 4058?
8
What is the units digit of 1476?
6
What is the hundreds digit of 659?
6
What is the units digit of 2356?
6
What is the tens digit of 7147?
4
What is the ten thousands digit of 19978?
1
What is the units digit of 9952?
2
What is the thousands digit of 52636?
2
What is the thousands digit of 1463?
1
What is the thousands digit of 16962?
6
What is the units digit of 428?
8
What is the tens digit of 123140?
4
What is the tens digit of 770?
7
What is the thousands digit of 1448?
1
What is the tens digit of 1223?
2
What is the thousands digit of 15597?
5
What is the tens digit of 755?
5
What is the thousands digit of 2992?
2
What is the units digit of 122?
2
What is the units digit of 9281?
1
What is the hundreds digit of 4393?
3
What is the tens digit of 5389?
8
What is the units digit of 7007?
7
What is the thousands digit of 31587?
1
What is the thousands digit of 4172?
4
What is the thousands digit of 1209?
1
What is the thousands digit of 8966?
8
What is the hundreds digit of 2903?
9
What is the tens digit of 616?
1
What is the thousands digit of 3069?
3
What is the ten thousands digit of 41491?
4
What is the hundreds digit of 27981?
9
What is the hundreds digit of 1398?
3
What is the units digit of 354?
4
What is the tens digit of 442?
4
What is the tens digit of 96700?
0
What is the units digit of 3712?
2
What is the thousands digit of 1341?
1
What is the units digit of 1388?
8
What is the units digit of 1083?
3
What is the units digit of 21029?
9
What is the units digit of 3558?
8
What is the thousands digit of 36376?
6
What is the units digit of 234?
4
What is the ten thousands digit of 18513?
1
What is the hundreds digit of 7839?
8
What is the hundreds digit of 8047?
0
What is the thousands digit of 1083?
1
What is the thousands digit of 5272?
5
What is the units digit of 1593?
3
What is the hundreds digit of 30648?
6
What is the tens digit of 2683?
8
What is the units digit of 14064?
4
What is the hundreds digit of 3017?
0
What is the thousands digit of 12562?
2
What is the hundreds digit of 506?
5
What is the units digit of 14?
4
What is the tens digit of 5960?
6
What is the ten thousands digit of 75556?
7
What is the tens digit of 3719?
1
What is the tens digit of 2805?
0
What is the tens digit of 2073?
7
What is the tens digit of 69?
6
What is the tens digit of 16937?
3
What is the tens digit of 498?
9
What is the units digit of 95?
5
What is the tens digit of 618?
1
What is the hundreds digit of 16681?
6
What is the thousands digit of 2451?
2
What is the tens digit of 58485?
8
What is the units digit of 29901?
1
What is the units digit of 7305?
5
What is the thousands digit of 10350?
0
What is the units digit of 319?
9
What is the units digit of 637?
7
What is the units digit of 1697?
7
What is the tens digit of 504?
0
What is the units digit of 1168?
8
What is the units digit of 195?
5
What is the units digit of 1245?
5
What is the thousands digit of 69448?
9
What is the units digit of 38710?
0
What is the units digit of 1073?
3
What is the thousands digit of 2057?
2
What is the hundreds digit of 286?
2
What is the units digit of 2602?
2
What is the tens digit of 4292?
9
What is the hundreds digit of 44182?
1
What is the ten thousands digit of 106653?
0
What is the thousands digit of 12008?
2
What is the hundreds digit of 2811?
8
What is the hundred thousands digit of 164144?
1
What is the ten thousands digit of 210553?
1
What is the tens digit of 1616?
1
What is the units digit of 17881?
1
What is the tens digit of 14834?
3
What is the units digit of 7735?
5
What is the hundreds digit of 10042?
0
What is the tens digit of 954?
5
What is the units digit of 12488?
8
What is the ten thousands digit of 14586?
1
What is the tens digit of 40?
4
What is the hundreds digit of 1192?
1
What is the ten thousands digit of 46097?
4
What is the thousands digit of 10565?
0
What is the units digit of 59019?
9
What is the hundreds digit of 9612?
6
What is the hundreds digit of 287?
2
What is the units digit of 82?
2
What is the thousands digit of 1298?
1
What is the hundreds digit of 39333?
3
What is the units digit of 3026?
6
What is the hundreds digit of 11792?
7
What is the units digit of 85?
5
What is the ten thousands digit of 98488?
9
What is the units digit of 15949?
9
What is the thousands digit of 2277?
2
What is the tens digit of 98594?
9
What is the tens digit of 3373?
7
What is the tens digit of 69148?
4
What is the hundreds digit of 30557?
5
What is the thousands digit of 2195?
2
What is the units digit of 421?
1
What is the hundreds digit of 174633?
6
What is the ten thousands digit of 11597?
1
What is the thousands digit of 2699?
2
What is the tens digit of 53681?
8
What is the units digit of 19026?
6
What is the units digit of 2580?
0
What is the hundreds digit of 2330?
3
What is the ten thousands digit of 20098?
2
What is the thousands digit of 2202?
2
What is the units digit of 32637?
7
What is the thousands digit of 19582?
9
What is the tens digit of 521?
2
What is the tens digit of 2707?
0
What is the hundreds digit of 1712?
7
What is the hundreds digit of 3984?
9
What is the thousands digit of 1047?
1
What is the ten thousands digit of 24011?
2
What is the units digit of 2100?
0
What is the hundreds digit of 10628?
6
What is the units digit of 72755?
5
What is the hundreds digit of 14949?
9
What is the hundreds digit of 26633?
6
What is the units digit of 3320?
0
What is the units digit of 526?
6
What is the thousands digit of 26020?
6
What is the thousands digit of 12931?
2
What is the hundreds digit of 91255?
2
What is the tens digit of 647?
4
What is the hundreds digit of 1469?
4
What is the thousands digit of 1418?
1
What is the units digit of 980?
0
What is the tens digit of 815?
1
What is the units digit of 11360?
0
What is the tens digit of 14926?
2
What is the hundreds digit of 5677?
6
What is the tens digit of 6036?
3
What is the units digit of 603?
3
What is the hundreds digit of 59567?
5
What is the tens digit of 543?
4
What is the tens digit of 114?
1
What is the units digit of 550?
0
What is the tens digit of 1471?
7
What is the thousands digit of 27919?
7
What is the units digit of 31260?
0
What is the hundreds digit of 186?
1
What is the tens digit of 904?
0
What is the tens digit of 740?
4
What is the ten thousands digit of 33859?
3
What is the tens digit of 455?
5
What is the hundreds digit of 325?
3
What is the hundreds digit of 4449?
4
What is the ten thousands digit of 144882?
4
What is the hundreds digit of 62262?
2
What is the thousands digit of 3087?
3
What is the thousands digit of 14314?
4
What is the hundreds digit of 15224?
2
What is the tens digit of 61654?
5
What is the units digit of 447?
7
What is the thousands digit of 10651?
0
What is the hundreds digit of 2981?
9
What is the tens digit of 1295?
9
What is the units digit of 9361?
1
What is the thousands digit of 24841?
4
What is the tens digit of 69?
6
What is the thousands digit of 9785?
9
What is the tens digit of 32892?
9
What is the tens digit of 909?
0
What is the thousands digit of 184550?
4
What is the hu